{"id":22,"date":"2019-09-24T11:12:48","date_gmt":"2019-09-24T09:12:48","guid":{"rendered":"http:\/\/fleursdecourgettes.fr\/?page_id=22"},"modified":"2023-12-09T17:10:28","modified_gmt":"2023-12-09T16:10:28","slug":"fleurs-de-courgettes","status":"publish","type":"page","link":"https:\/\/fleursdecourgettes.fr\/","title":{"rendered":"La cuisine, une vocation, un r\u00eave r\u00e9alis\u00e9"},"content":{"rendered":"<figure><img decoding=\"async\" src=\"https:\/\/fleursdecourgettes.fr\/wp-content\/uploads\/2019\/09\/logo-fdc.png\" alt=\"Fleurs de Courgettes, le Comt\u00e9 de Nice \u00e0 votre table\"><\/figure>\n<h1>La cuisine, une vocation, un r\u00eave r\u00e9alis\u00e9<\/h1>\n<section>\n<h2>Traditions et Terroir<\/h2>\n<ul>\n<li>Formation rapide (6 semaines) chez Monsieur PAUL.<\/li>\n<li>Ouverture du Restaurant MARGOT, tout d\u00e9di\u00e9 \u00e0 la Cuisine Ni\u00e7oise.<\/li>\n<li>Inaugur\u00e9 le 1<sup>er<\/sup> d\u00e9cembre 1989 par Jacques M\u00c9DECIN maire de Nice.<\/li>\n<\/ul>\n<ul>\n<li>Meilleure Note du Guide \u00ab Lou NISSART \u00bb !<\/li>\n<li>Aujourd\u2019hui Traiteur, Concepteur d\u2019\u00e9v\u00e8nementiels Culinaires et Formateur.<\/li>\n<li>Pr\u00e9sident de l&rsquo;Acad\u00e9mie Nationale de Cuisine C\u00f4te d&rsquo;Azur et Corse<\/li>\n<\/ul>\n<\/section>\n<figure><img decoding=\"async\" src=\"https:\/\/fleursdecourgettes.fr\/wp-content\/uploads\/2019\/11\/michel-jocaille-fleurs-de-courgettes-2.jpg\" alt=\"\"><\/figure>\n<h2>F\u00eate-le chez vous !<\/h2>\n<p>L&rsquo;efficacit\u00e9 d&rsquo;une \u00e9quipe \u00e0 vos couleurs pour la r\u00e9ussite de tous vos \u00e9v\u00e8nements.<\/p>\n<p><img loading=\"lazy\" decoding=\"async\" src=\"https:\/\/fleursdecourgettes.fr\/wp-content\/uploads\/2019\/11\/buffet-aeroport-brigade-fdc.jpg\" sizes=\"(max-width: 1000px) 100vw, 1000px\" srcset=\"https:\/\/fleursdecourgettes.fr\/wp-content\/uploads\/2019\/11\/buffet-aeroport-brigade-fdc.jpg 1000w, https:\/\/fleursdecourgettes.fr\/wp-content\/uploads\/2019\/11\/buffet-aeroport-brigade-fdc-300x225.jpg 300w, https:\/\/fleursdecourgettes.fr\/wp-content\/uploads\/2019\/11\/buffet-aeroport-brigade-fdc-768x576.jpg 768w\" alt=\"Brigade Fleurs de Courgettes\" width=\"1000\" height=\"750\"><\/p>\n<h2>Services<\/h2>\n<p><img loading=\"lazy\" decoding=\"async\" src=\"wp-content\/uploads\/2019\/11\/buffet-entreprise.jpg\" sizes=\"(max-width: 450px) 100vw, 450px\" srcset=\"https:\/\/fleursdecourgettes.fr\/wp-content\/uploads\/2019\/11\/buffet-entreprise.jpg 450w, https:\/\/fleursdecourgettes.fr\/wp-content\/uploads\/2019\/11\/buffet-entreprise-300x167.jpg 300w\" alt=\"\" width=\"450\" height=\"250\"><\/p>\n<h3>\u00c9v\u00e8nementiel d\u2019entreprise ou particulier<\/h3>\n<p><img loading=\"lazy\" decoding=\"async\" src=\"wp-content\/uploads\/2019\/11\/fleur-de-courgette-bbq.jpg\" sizes=\"(max-width: 450px) 100vw, 450px\" srcset=\"https:\/\/fleursdecourgettes.fr\/wp-content\/uploads\/2019\/11\/fleur-de-courgette-bbq.jpg 450w, https:\/\/fleursdecourgettes.fr\/wp-content\/uploads\/2019\/11\/fleur-de-courgette-bbq-300x167.jpg 300w\" alt=\"\" width=\"450\" height=\"250\"><\/p>\n<h3>Animations, d\u00e9monstrations<\/h3>\n<p><img loading=\"lazy\" decoding=\"async\" src=\"wp-content\/uploads\/2019\/11\/cours-cuisine-italie.jpg\" sizes=\"(max-width: 450px) 100vw, 450px\" srcset=\"https:\/\/fleursdecourgettes.fr\/wp-content\/uploads\/2019\/11\/cours-cuisine-italie.jpg 450w, https:\/\/fleursdecourgettes.fr\/wp-content\/uploads\/2019\/11\/cours-cuisine-italie-300x167.jpg 300w\" alt=\"\" width=\"450\" height=\"250\"><\/p>\n<h3>Cours de cuisine<\/h3>\n<p>Chaque formation est associ\u00e9e \u00e0 la visite du March\u00e9 d\u2019Int\u00e9r\u00eat National (MIN), d\u2019un grossiste et dans la mesure du possible, d\u2019un producteur.<\/p>\n<p><a href=\"wp-content\/uploads\/2019\/09\/Cuisine-Nic%cc%a7oise-Cours-16-07-2019-1.pdf\" target=\"_blank\" rel=\"noopener\">Exemple de cours&#8230;<\/a><\/p>\n<p><img loading=\"lazy\" decoding=\"async\" src=\"wp-content\/uploads\/2019\/11\/3-methodes-cuissons-imfum.jpg\" sizes=\"(max-width: 450px) 100vw, 450px\" srcset=\"https:\/\/fleursdecourgettes.fr\/wp-content\/uploads\/2019\/11\/3-methodes-cuissons-imfum.jpg 450w, https:\/\/fleursdecourgettes.fr\/wp-content\/uploads\/2019\/11\/3-methodes-cuissons-imfum-300x167.jpg 300w\" alt=\"\" width=\"450\" height=\"250\"><\/p>\n<h3>Techniques de cuisine<\/h3>\n<ul>\n<li>Basse temp\u00e9rature<\/li>\n<li>Sous-vide<\/li>\n<li>M\u00e9thode \u00ab&nbsp;IMFUM&nbsp;\u00bb (Fumage sans fum\u00e9e)<\/li>\n<\/ul>\n<p><img loading=\"lazy\" decoding=\"async\" src=\"wp-content\/uploads\/2019\/11\/poivrier-saliere-fdc-murano.jpg\" sizes=\"(max-width: 450px) 100vw, 450px\" srcset=\"https:\/\/fleursdecourgettes.fr\/wp-content\/uploads\/2019\/11\/poivrier-saliere-fdc-murano.jpg 450w, https:\/\/fleursdecourgettes.fr\/wp-content\/uploads\/2019\/11\/poivrier-saliere-fdc-murano-300x167.jpg 300w\" alt=\"\" width=\"450\" height=\"250\"><\/p>\n<h3>Boutique<\/h3>\n<ul>\n<li>T-shirts, tabliers et vestes Fleurs de courgettes<strong>\u00ae<\/strong><\/li>\n<li>Arts de la table<\/li>\n<\/ul>\n<h2>En images<\/h2>\n<p><em>La promenade des saveurs<\/em><\/p>\n<p><a href=\"https:\/\/fleursdecourgettes.fr\/wp-content\/uploads\/2019\/09\/exemples-de-buffets.pdf\">Quelques exemples de buffets&#8230;<\/a><\/p>\nngg_shortcode_0_placeholder\n<h2>Vid\u00e9os<\/h2>\n<p>Les recettes en \u00ab&nbsp;live&nbsp;\u00bb !<\/p>\n<p><a href=\"wp-content\/uploads\/2019\/09\/Recettes-Michel-Jocaille-vu-a%cc%80-la-te%cc%81le%cc%81-.pdf\" target=\"_blank\" rel=\"noopener\">T\u00e9l\u00e9chargez ici les recettes !<\/a><\/p>\n<p><iframe loading=\"lazy\" src=\"https:\/\/www.youtube.com\/embed\/mikgWpRysTc?rel=0&amp;enablejsapi=1\" width=\"420\" height=\"315\" allowfullscreen=\"allowfullscreen\"><\/iframe><\/p>\n<p>Une belle couronne d\u2019ananas et fruits frais.<\/p>\n<p><iframe loading=\"lazy\" src=\"https:\/\/www.youtube.com\/embed\/_65k8HLrVFU?rel=0&amp;enablejsapi=1\" width=\"420\" height=\"315\" allowfullscreen=\"allowfullscreen\"><\/iframe><\/p>\n<p>Le tartare de poissons avec la m\u00e9thode IMFUM !<\/p>\n<p><iframe loading=\"lazy\" src=\"https:\/\/www.youtube.com\/embed\/uMYaKp9hWBw?rel=0&amp;enablejsapi=1\" width=\"420\" height=\"315\" allowfullscreen=\"allowfullscreen\"><\/iframe><\/p>\n<p>D\u00e9licieux Conca de lapereau au Balico\u2026<\/p>\n<h2>Contact<\/h2>\n\n<div class=\"wpcf7 no-js\" id=\"wpcf7-f376-o1\" lang=\"fr-FR\" dir=\"ltr\">\n<div class=\"screen-reader-response\"><p role=\"status\" aria-live=\"polite\" aria-atomic=\"true\"><\/p> <ul><\/ul><\/div>\n<form action=\"\/index.php\/wp-json\/wp\/v2\/pages\/22#wpcf7-f376-o1\" method=\"post\" class=\"wpcf7-form init\" aria-label=\"Formulaire de contact\" novalidate=\"novalidate\" data-status=\"init\">\n<div style=\"display: none;\">\n<input type=\"hidden\" name=\"_wpcf7\" value=\"376\" \/>\n<input type=\"hidden\" name=\"_wpcf7_version\" value=\"5.9.8\" \/>\n<input type=\"hidden\" name=\"_wpcf7_locale\" value=\"fr_FR\" \/>\n<input type=\"hidden\" name=\"_wpcf7_unit_tag\" value=\"wpcf7-f376-o1\" \/>\n<input type=\"hidden\" name=\"_wpcf7_container_post\" value=\"0\" \/>\n<input type=\"hidden\" name=\"_wpcf7_posted_data_hash\" value=\"\" \/>\n<\/div>\n<p><label> Votre nom (obligatoire)<br \/>\n<span class=\"wpcf7-form-control-wrap\" data-name=\"your-name\"><input size=\"40\" maxlength=\"400\" class=\"wpcf7-form-control wpcf7-text wpcf7-validates-as-required\" aria-required=\"true\" aria-invalid=\"false\" value=\"\" type=\"text\" name=\"your-name\" \/><\/span> <\/label>\n<\/p>\n<p><label> Votre adresse de messagerie (obligatoire)<br \/>\n<span class=\"wpcf7-form-control-wrap\" data-name=\"your-email\"><input size=\"40\" maxlength=\"400\" class=\"wpcf7-form-control wpcf7-email wpcf7-validates-as-required wpcf7-text wpcf7-validates-as-email\" aria-required=\"true\" aria-invalid=\"false\" value=\"\" type=\"email\" name=\"your-email\" \/><\/span> <\/label>\n<\/p>\n<p><label> N\u00b0 de t\u00e9l\u00e9phone (obligatoire)<br \/>\n<span class=\"wpcf7-form-control-wrap\" data-name=\"your-phone\"><input size=\"40\" maxlength=\"400\" class=\"wpcf7-form-control wpcf7-tel wpcf7-validates-as-required wpcf7-text wpcf7-validates-as-tel\" aria-required=\"true\" aria-invalid=\"false\" value=\"\" type=\"tel\" name=\"your-phone\" \/><\/span> <\/label>\n<\/p>\n<p><label> Votre message<br \/>\n<span class=\"wpcf7-form-control-wrap\" data-name=\"your-message\"><textarea cols=\"40\" rows=\"10\" maxlength=\"2000\" class=\"wpcf7-form-control wpcf7-textarea\" aria-invalid=\"false\" name=\"your-message\"><\/textarea><\/span> <\/label>\n<\/p>\n<p><label>Veuillez saisir le code: <input type=\"hidden\" name=\"_wpcf7_captcha_challenge_captcha-170\" value=\"4262271381\" \/><img loading=\"lazy\" decoding=\"async\" class=\"wpcf7-form-control wpcf7-captchac wpcf7-captcha-captcha-170\" width=\"72\" height=\"24\" alt=\"captcha\" src=\"https:\/\/fleursdecourgettes.fr\/wp-content\/uploads\/wpcf7_captcha\/4262271381.png\" \/><br \/>\n<span class=\"wpcf7-form-control-wrap\" data-name=\"captcha-170\"><input size=\"4\" maxlength=\"4\" class=\"wpcf7-form-control wpcf7-captchar\" autocomplete=\"off\" aria-invalid=\"false\" value=\"\" type=\"text\" name=\"captcha-170\" \/><\/span><\/label>\n<\/p>\n<p><input class=\"wpcf7-form-control wpcf7-submit has-spinner\" type=\"submit\" value=\"Envoyer\" \/>\n<\/p><div class=\"wpcf7-response-output\" aria-hidden=\"true\"><\/div>\n<\/form>\n<\/div>\n\n","protected":false},"excerpt":{"rendered":"<p>La cuisine, une vocation, un r\u00eave r\u00e9alis\u00e9 Traditions et Terroir Formation rapide (6 semaines) chez Monsieur PAUL. Ouverture du Restaurant MARGOT, tout d\u00e9di\u00e9 \u00e0 la Cuisine Ni\u00e7oise. Inaugur\u00e9 le 1er d\u00e9cembre 1989 par Jacques M\u00c9DECIN maire de Nice. Meilleure Note du Guide \u00ab Lou NISSART \u00bb ! Aujourd\u2019hui Traiteur, Concepteur d\u2019\u00e9v\u00e8nementiels Culinaires et Formateur. Pr\u00e9sident [&hellip;]<\/p>\n","protected":false},"author":1,"featured_media":0,"parent":0,"menu_order":0,"comment_status":"closed","ping_status":"closed","template":"","meta":{"ngg_post_thumbnail":0,"footnotes":""},"yoast_head":"<!-- This site is optimized with the Yoast SEO plugin v24.5 - https:\/\/yoast.com\/wordpress\/plugins\/seo\/ -->\n<title>La cuisine, une vocation, un r\u00eave r\u00e9alis\u00e9 -<\/title>\n<meta name=\"description\" content=\"Michel Jocaille, votre Chef traiteur d\u00e9fenseur de la cuisine ni\u00e7oise, se plie en 4 pour vos r\u00e9ceptions particuli\u00e8res ou \u00e9v\u00e8nements d&#039;entreprise.\" \/>\n<meta name=\"robots\" content=\"index, follow, max-snippet:-1, max-image-preview:large, max-video-preview:-1\" \/>\n<link rel=\"canonical\" href=\"https:\/\/fleursdecourgettes.fr\/\" \/>\n<meta property=\"og:locale\" content=\"fr_FR\" \/>\n<meta property=\"og:type\" content=\"article\" \/>\n<meta property=\"og:title\" content=\"La cuisine, une vocation, un r\u00eave r\u00e9alis\u00e9 -\" \/>\n<meta property=\"og:description\" content=\"Michel Jocaille, votre Chef traiteur d\u00e9fenseur de la cuisine ni\u00e7oise, se plie en 4 pour vos r\u00e9ceptions particuli\u00e8res ou \u00e9v\u00e8nements d&#039;entreprise.\" \/>\n<meta property=\"og:url\" content=\"https:\/\/fleursdecourgettes.fr\/\" \/>\n<meta property=\"article:modified_time\" content=\"2023-12-09T16:10:28+00:00\" \/>\n<meta property=\"og:image\" content=\"https:\/\/fleursdecourgettes.fr\/wp-content\/uploads\/2019\/09\/logo-fdc.png\" \/>\n<meta name=\"twitter:card\" content=\"summary_large_image\" \/>\n<meta name=\"twitter:label1\" content=\"Dur\u00e9e de lecture estim\u00e9e\" \/>\n\t<meta name=\"twitter:data1\" content=\"3 minutes\" \/>\n<!-- \/ Yoast SEO plugin. -->","yoast_head_json":{"title":"La cuisine, une vocation, un r\u00eave r\u00e9alis\u00e9 -","description":"Michel Jocaille, votre Chef traiteur d\u00e9fenseur de la cuisine ni\u00e7oise, se plie en 4 pour vos r\u00e9ceptions particuli\u00e8res ou \u00e9v\u00e8nements d'entreprise.","robots":{"index":"index","follow":"follow","max-snippet":"max-snippet:-1","max-image-preview":"max-image-preview:large","max-video-preview":"max-video-preview:-1"},"canonical":"https:\/\/fleursdecourgettes.fr\/","og_locale":"fr_FR","og_type":"article","og_title":"La cuisine, une vocation, un r\u00eave r\u00e9alis\u00e9 -","og_description":"Michel Jocaille, votre Chef traiteur d\u00e9fenseur de la cuisine ni\u00e7oise, se plie en 4 pour vos r\u00e9ceptions particuli\u00e8res ou \u00e9v\u00e8nements d'entreprise.","og_url":"https:\/\/fleursdecourgettes.fr\/","article_modified_time":"2023-12-09T16:10:28+00:00","og_image":[{"url":"https:\/\/fleursdecourgettes.fr\/wp-content\/uploads\/2019\/09\/logo-fdc.png","type":"","width":"","height":""}],"twitter_card":"summary_large_image","twitter_misc":{"Dur\u00e9e de lecture estim\u00e9e":"3 minutes"},"schema":{"@context":"https:\/\/schema.org","@graph":[{"@type":"WebPage","@id":"https:\/\/fleursdecourgettes.fr\/","url":"https:\/\/fleursdecourgettes.fr\/","name":"La cuisine, une vocation, un r\u00eave r\u00e9alis\u00e9 -","isPartOf":{"@id":"https:\/\/fleursdecourgettes.fr\/#website"},"primaryImageOfPage":{"@id":"https:\/\/fleursdecourgettes.fr\/#primaryimage"},"image":{"@id":"https:\/\/fleursdecourgettes.fr\/#primaryimage"},"thumbnailUrl":"https:\/\/fleursdecourgettes.fr\/wp-content\/uploads\/2019\/09\/logo-fdc.png","datePublished":"2019-09-24T09:12:48+00:00","dateModified":"2023-12-09T16:10:28+00:00","description":"Michel Jocaille, votre Chef traiteur d\u00e9fenseur de la cuisine ni\u00e7oise, se plie en 4 pour vos r\u00e9ceptions particuli\u00e8res ou \u00e9v\u00e8nements d'entreprise.","breadcrumb":{"@id":"https:\/\/fleursdecourgettes.fr\/#breadcrumb"},"inLanguage":"fr-FR","potentialAction":[{"@type":"ReadAction","target":["https:\/\/fleursdecourgettes.fr\/"]}]},{"@type":"ImageObject","inLanguage":"fr-FR","@id":"https:\/\/fleursdecourgettes.fr\/#primaryimage","url":"https:\/\/fleursdecourgettes.fr\/wp-content\/uploads\/2019\/09\/logo-fdc.png","contentUrl":"https:\/\/fleursdecourgettes.fr\/wp-content\/uploads\/2019\/09\/logo-fdc.png","width":459,"height":287,"caption":"Fleurs de Courgettes, le Comt\u00e9 de Nice \u00e0 votre table"},{"@type":"BreadcrumbList","@id":"https:\/\/fleursdecourgettes.fr\/#breadcrumb","itemListElement":[{"@type":"ListItem","position":1,"name":"Accueil","item":"https:\/\/fleursdecourgettes.fr\/"},{"@type":"ListItem","position":2,"name":"La cuisine, une vocation, un r\u00eave r\u00e9alis\u00e9"}]},{"@type":"WebSite","@id":"https:\/\/fleursdecourgettes.fr\/#website","url":"https:\/\/fleursdecourgettes.fr\/","name":"","description":"","potentialAction":[{"@type":"SearchAction","target":{"@type":"EntryPoint","urlTemplate":"https:\/\/fleursdecourgettes.fr\/?s={search_term_string}"},"query-input":{"@type":"PropertyValueSpecification","valueRequired":true,"valueName":"search_term_string"}}],"inLanguage":"fr-FR"}]}},"jetpack_sharing_enabled":true,"_links":{"self":[{"href":"https:\/\/fleursdecourgettes.fr\/index.php\/wp-json\/wp\/v2\/pages\/22"}],"collection":[{"href":"https:\/\/fleursdecourgettes.fr\/index.php\/wp-json\/wp\/v2\/pages"}],"about":[{"href":"https:\/\/fleursdecourgettes.fr\/index.php\/wp-json\/wp\/v2\/types\/page"}],"author":[{"embeddable":true,"href":"https:\/\/fleursdecourgettes.fr\/index.php\/wp-json\/wp\/v2\/users\/1"}],"replies":[{"embeddable":true,"href":"https:\/\/fleursdecourgettes.fr\/index.php\/wp-json\/wp\/v2\/comments?post=22"}],"version-history":[{"count":256,"href":"https:\/\/fleursdecourgettes.fr\/index.php\/wp-json\/wp\/v2\/pages\/22\/revisions"}],"predecessor-version":[{"id":1177,"href":"https:\/\/fleursdecourgettes.fr\/index.php\/wp-json\/wp\/v2\/pages\/22\/revisions\/1177"}],"wp:attachment":[{"href":"https:\/\/fleursdecourgettes.fr\/index.php\/wp-json\/wp\/v2\/media?parent=22"}],"curies":[{"name":"wp","href":"https:\/\/api.w.org\/{rel}","templated":true}]}}